{"id":2331,"date":"2026-02-05T17:55:46","date_gmt":"2026-02-05T16:55:46","guid":{"rendered":"https:\/\/tookphoto.fr\/?page_id=2331"},"modified":"2026-02-06T00:41:59","modified_gmt":"2026-02-05T23:41:59","slug":"restauration-photo-ancienne","status":"publish","type":"page","link":"https:\/\/tookphoto.fr\/?page_id=2331","title":{"rendered":"Restauration photo ancienne"},"content":{"rendered":"\t\t<div data-elementor-type=\"wp-page\" data-elementor-id=\"2331\" class=\"elementor elementor-2331\">\n\t\t\t\t<div class=\"elementor-element elementor-element-64dd1fb e-flex e-con-boxed e-con e-parent\" data-id=\"64dd1fb\" data-element_type=\"container\" data-e-type=\"container\">\n\t\t\t\t\t<div class=\"e-con-inner\">\n\t\t\t\t<div class=\"elementor-element elementor-element-95286dd elementor-widget elementor-widget-heading\" data-id=\"95286dd\" data-element_type=\"widget\" data-e-type=\"widget\" data-widget_type=\"heading.default\">\n\t\t\t\t\t<h2 class=\"elementor-heading-title elementor-size-default\">Restauration photo ancienne <\/h2>\t\t\t\t<\/div>\n\t\t\t\t\t<\/div>\n\t\t\t\t<\/div>\n\t\t<div class=\"elementor-element elementor-element-db32682 e-flex e-con-boxed e-con e-parent\" data-id=\"db32682\" data-element_type=\"container\" data-e-type=\"container\" data-settings=\"{&quot;background_background&quot;:&quot;classic&quot;}\">\n\t\t\t\t\t<div class=\"e-con-inner\">\n\t\t<div class=\"elementor-element elementor-element-b21eddc e-con-full e-flex e-con e-child\" data-id=\"b21eddc\" data-element_type=\"container\" data-e-type=\"container\">\n\t\t\t\t<div class=\"elementor-element elementor-element-03efc44 elementor-widget elementor-widget-text-editor\" data-id=\"03efc44\" data-element_type=\"widget\" data-e-type=\"widget\" data-widget_type=\"text-editor.default\">\n\t\t\t\t\t\t\t\t\t<p class=\"my-2 [&amp;+p]:mt-4 [&amp;_strong:has(+br)]:inline-block [&amp;_strong:has(+br)]:pb-2\">\u00ab\u202fNous scannons vos anciennes photos, les restaurons (couleurs, contrastes, petites d\u00e9chirures, poussi\u00e8res) puis les r\u00e9imprimons sur papier de qualit\u00e9. Donnez une seconde vie \u00e0 vos souvenirs de famille ou aux archives de votre club.\u202f\u00bb<\/p><ul class=\"marker:text-quiet list-disc\"><li class=\"py-0 my-0 prose-p:pt-0 prose-p:mb-2 prose-p:my-0 [&amp;&gt;p]:pt-0 [&amp;&gt;p]:mb-2 [&amp;&gt;p]:my-0\"><p class=\"my-2 [&amp;+p]:mt-4 [&amp;_strong:has(+br)]:inline-block [&amp;_strong:has(+br)]:pb-2\">Services propos\u00e9s :<\/p><ul class=\"marker:text-quiet list-disc\"><li class=\"py-0 my-0 prose-p:pt-0 prose-p:mb-2 prose-p:my-0 [&amp;&gt;p]:pt-0 [&amp;&gt;p]:mb-2 [&amp;&gt;p]:my-0\"><p class=\"my-2 [&amp;+p]:mt-4 [&amp;_strong:has(+br)]:inline-block [&amp;_strong:has(+br)]:pb-2\">Num\u00e9risation haute d\u00e9finition.<\/p><\/li><li class=\"py-0 my-0 prose-p:pt-0 prose-p:mb-2 prose-p:my-0 [&amp;&gt;p]:pt-0 [&amp;&gt;p]:mb-2 [&amp;&gt;p]:my-0\"><p class=\"my-2 [&amp;+p]:mt-4 [&amp;_strong:has(+br)]:inline-block [&amp;_strong:has(+br)]:pb-2\">Retouche et restauration (lumi\u00e8re, couleurs, petites d\u00e9gradations).<\/p><\/li><li class=\"py-0 my-0 prose-p:pt-0 prose-p:mb-2 prose-p:my-0 [&amp;&gt;p]:pt-0 [&amp;&gt;p]:mb-2 [&amp;&gt;p]:my-0\"><p class=\"my-2 [&amp;+p]:mt-4 [&amp;_strong:has(+br)]:inline-block [&amp;_strong:has(+br)]:pb-2\">Impression aux formats 10&#215;15, 15&#215;21, A4 et plus.<\/p><\/li><\/ul><\/li><\/ul>\t\t\t\t\t\t\t\t<\/div>\n\t\t\t\t<\/div>\n\t\t<div class=\"elementor-element elementor-element-f5b85bc e-con-full e-flex e-con e-child\" data-id=\"f5b85bc\" data-element_type=\"container\" data-e-type=\"container\">\n\t\t\t\t<div class=\"elementor-element elementor-element-6f0e3b8 elementor-widget elementor-widget-image\" data-id=\"6f0e3b8\" data-element_type=\"widget\" data-e-type=\"widget\" data-widget_type=\"image.default\">\n\t\t\t\t\t\t\t\t\t\t\t\t\t\t\t<img decoding=\"async\" src=\"https:\/\/tookphoto.fr\/wp-content\/uploads\/2026\/02\/restauration-photo-1024x644.jpg\" alt=\"restauration vieille photo\" srcset=\"https:\/\/tookphoto.fr\/wp-content\/uploads\/2026\/02\/restauration-photo-1024x644.jpg 1024w, https:\/\/tookphoto.fr\/wp-content\/uploads\/2026\/02\/restauration-photo-300x189.jpg 300w, https:\/\/tookphoto.fr\/wp-content\/uploads\/2026\/02\/restauration-photo-768x483.jpg 768w, https:\/\/tookphoto.fr\/wp-content\/uploads\/2026\/02\/restauration-photo-1536x966.jpg 1536w, https:\/\/tookphoto.fr\/wp-content\/uploads\/2026\/02\/restauration-photo-2048x1288.jpg 2048w, https:\/\/tookphoto.fr\/wp-content\/uploads\/2026\/02\/restauration-photo-600x377.jpg 600w\" sizes=\"(max-width: 1024px) 100vw, 1024px\" \/>\t\t\t\t\t\t\t\t\t\t\t\t\t\t\t<\/div>\n\t\t\t\t<\/div>\n\t\t\t\t\t<\/div>\n\t\t\t\t<\/div>\n\t\t\t\t<\/div>\n\t\t","protected":false},"excerpt":{"rendered":"<p>Restauration photo ancienne \u00ab\u202fNous scannons vos anciennes photos, les restaurons (couleurs, contrastes, petites d\u00e9chirures, poussi\u00e8res) puis les r\u00e9imprimons sur papier de qualit\u00e9. Donnez une seconde vie \u00e0 vos souvenirs de famille ou aux archives de votre club.\u202f\u00bb Services propos\u00e9s : Num\u00e9risation haute d\u00e9finition. Retouche et restauration (lumi\u00e8re, couleurs, petites d\u00e9gradations). Impression aux formats 10&#215;15, 15&#215;21, [&hellip;]<\/p>\n","protected":false},"author":1,"featured_media":0,"parent":2236,"menu_order":0,"comment_status":"closed","ping_status":"closed","template":"","meta":{"footnotes":""},"class_list":["post-2331","page","type-page","status-publish","hentry"],"blocksy_meta":[],"yoast_head":"<!-- This site is optimized with the Yoast SEO plugin v27.2 - https:\/\/yoast.com\/product\/yoast-seo-wordpress\/ -->\n<title>Restauration photo ancienne - Took! Photo Studio Mobile<\/title>\n<meta name=\"robots\" content=\"index, follow, max-snippet:-1, max-image-preview:large, max-video-preview:-1\" \/>\n<link rel=\"canonical\" href=\"https:\/\/tookphoto.fr\/?page_id=2331\" \/>\n<meta property=\"og:locale\" content=\"fr_FR\" \/>\n<meta property=\"og:type\" content=\"article\" \/>\n<meta property=\"og:title\" content=\"Restauration photo ancienne - Took! Photo Studio Mobile\" \/>\n<meta property=\"og:description\" content=\"Restauration photo ancienne \u00ab\u202fNous scannons vos anciennes photos, les restaurons (couleurs, contrastes, petites d\u00e9chirures, poussi\u00e8res) puis les r\u00e9imprimons sur papier de qualit\u00e9. Donnez une seconde vie \u00e0 vos souvenirs de famille ou aux archives de votre club.\u202f\u00bb Services propos\u00e9s : Num\u00e9risation haute d\u00e9finition. Retouche et restauration (lumi\u00e8re, couleurs, petites d\u00e9gradations). Impression aux formats 10&#215;15, 15&#215;21, [&hellip;]\" \/>\n<meta property=\"og:url\" content=\"https:\/\/tookphoto.fr\/?page_id=2331\" \/>\n<meta property=\"og:site_name\" content=\"Took! Photo Studio Mobile\" \/>\n<meta property=\"article:modified_time\" content=\"2026-02-05T23:41:59+00:00\" \/>\n<meta property=\"og:image\" content=\"https:\/\/tookphoto.fr\/wp-content\/uploads\/2026\/02\/restauration-photo-1024x644.jpg\" \/>\n<meta name=\"twitter:card\" content=\"summary_large_image\" \/>\n<meta name=\"twitter:label1\" content=\"Dur\u00e9e de lecture estim\u00e9e\" \/>\n\t<meta name=\"twitter:data1\" content=\"1 minute\" \/>\n<script type=\"application\/ld+json\" class=\"yoast-schema-graph\">{\"@context\":\"https:\/\/schema.org\",\"@graph\":[{\"@type\":\"WebPage\",\"@id\":\"https:\/\/tookphoto.fr\/?page_id=2331\",\"url\":\"https:\/\/tookphoto.fr\/?page_id=2331\",\"name\":\"Restauration photo ancienne - Took! Photo Studio Mobile\",\"isPartOf\":{\"@id\":\"https:\/\/tookphoto.fr\/#website\"},\"primaryImageOfPage\":{\"@id\":\"https:\/\/tookphoto.fr\/?page_id=2331#primaryimage\"},\"image\":{\"@id\":\"https:\/\/tookphoto.fr\/?page_id=2331#primaryimage\"},\"thumbnailUrl\":\"https:\/\/tookphoto.fr\/wp-content\/uploads\/2026\/02\/restauration-photo-1024x644.jpg\",\"datePublished\":\"2026-02-05T16:55:46+00:00\",\"dateModified\":\"2026-02-05T23:41:59+00:00\",\"breadcrumb\":{\"@id\":\"https:\/\/tookphoto.fr\/?page_id=2331#breadcrumb\"},\"inLanguage\":\"fr-FR\",\"potentialAction\":[{\"@type\":\"ReadAction\",\"target\":[\"https:\/\/tookphoto.fr\/?page_id=2331\"]}]},{\"@type\":\"ImageObject\",\"inLanguage\":\"fr-FR\",\"@id\":\"https:\/\/tookphoto.fr\/?page_id=2331#primaryimage\",\"url\":\"https:\/\/tookphoto.fr\/wp-content\/uploads\/2026\/02\/restauration-photo-scaled.jpg\",\"contentUrl\":\"https:\/\/tookphoto.fr\/wp-content\/uploads\/2026\/02\/restauration-photo-scaled.jpg\",\"width\":2560,\"height\":1610,\"caption\":\"restauration vieille photo\"},{\"@type\":\"BreadcrumbList\",\"@id\":\"https:\/\/tookphoto.fr\/?page_id=2331#breadcrumb\",\"itemListElement\":[{\"@type\":\"ListItem\",\"position\":1,\"name\":\"Accueil\",\"item\":\"https:\/\/tookphoto.fr\/\"},{\"@type\":\"ListItem\",\"position\":2,\"name\":\"Autres Services\",\"item\":\"https:\/\/tookphoto.fr\/?page_id=2236\"},{\"@type\":\"ListItem\",\"position\":3,\"name\":\"Restauration photo ancienne\"}]},{\"@type\":\"WebSite\",\"@id\":\"https:\/\/tookphoto.fr\/#website\",\"url\":\"https:\/\/tookphoto.fr\/\",\"name\":\"Took! Photo Studio Mobile\",\"description\":\"\",\"publisher\":{\"@id\":\"https:\/\/tookphoto.fr\/#organization\"},\"potentialAction\":[{\"@type\":\"SearchAction\",\"target\":{\"@type\":\"EntryPoint\",\"urlTemplate\":\"https:\/\/tookphoto.fr\/?s={search_term_string}\"},\"query-input\":{\"@type\":\"PropertyValueSpecification\",\"valueRequired\":true,\"valueName\":\"search_term_string\"}}],\"inLanguage\":\"fr-FR\"},{\"@type\":\"Organization\",\"@id\":\"https:\/\/tookphoto.fr\/#organization\",\"name\":\"Took! Photo Studio Mobile\",\"url\":\"https:\/\/tookphoto.fr\/\",\"logo\":{\"@type\":\"ImageObject\",\"inLanguage\":\"fr-FR\",\"@id\":\"https:\/\/tookphoto.fr\/#\/schema\/logo\/image\/\",\"url\":\"https:\/\/tookphoto.fr\/wp-content\/uploads\/2026\/02\/TOOK-logo-banniere-nr.png\",\"contentUrl\":\"https:\/\/tookphoto.fr\/wp-content\/uploads\/2026\/02\/TOOK-logo-banniere-nr.png\",\"width\":694,\"height\":338,\"caption\":\"Took! Photo Studio Mobile\"},\"image\":{\"@id\":\"https:\/\/tookphoto.fr\/#\/schema\/logo\/image\/\"}}]}<\/script>\n<!-- \/ Yoast SEO plugin. -->","yoast_head_json":{"title":"Restauration photo ancienne - Took! Photo Studio Mobile","robots":{"index":"index","follow":"follow","max-snippet":"max-snippet:-1","max-image-preview":"max-image-preview:large","max-video-preview":"max-video-preview:-1"},"canonical":"https:\/\/tookphoto.fr\/?page_id=2331","og_locale":"fr_FR","og_type":"article","og_title":"Restauration photo ancienne - Took! Photo Studio Mobile","og_description":"Restauration photo ancienne \u00ab\u202fNous scannons vos anciennes photos, les restaurons (couleurs, contrastes, petites d\u00e9chirures, poussi\u00e8res) puis les r\u00e9imprimons sur papier de qualit\u00e9. Donnez une seconde vie \u00e0 vos souvenirs de famille ou aux archives de votre club.\u202f\u00bb Services propos\u00e9s : Num\u00e9risation haute d\u00e9finition. Retouche et restauration (lumi\u00e8re, couleurs, petites d\u00e9gradations). Impression aux formats 10&#215;15, 15&#215;21, [&hellip;]","og_url":"https:\/\/tookphoto.fr\/?page_id=2331","og_site_name":"Took! Photo Studio Mobile","article_modified_time":"2026-02-05T23:41:59+00:00","og_image":[{"url":"https:\/\/tookphoto.fr\/wp-content\/uploads\/2026\/02\/restauration-photo-1024x644.jpg","type":"","width":"","height":""}],"twitter_card":"summary_large_image","twitter_misc":{"Dur\u00e9e de lecture estim\u00e9e":"1 minute"},"schema":{"@context":"https:\/\/schema.org","@graph":[{"@type":"WebPage","@id":"https:\/\/tookphoto.fr\/?page_id=2331","url":"https:\/\/tookphoto.fr\/?page_id=2331","name":"Restauration photo ancienne - Took! Photo Studio Mobile","isPartOf":{"@id":"https:\/\/tookphoto.fr\/#website"},"primaryImageOfPage":{"@id":"https:\/\/tookphoto.fr\/?page_id=2331#primaryimage"},"image":{"@id":"https:\/\/tookphoto.fr\/?page_id=2331#primaryimage"},"thumbnailUrl":"https:\/\/tookphoto.fr\/wp-content\/uploads\/2026\/02\/restauration-photo-1024x644.jpg","datePublished":"2026-02-05T16:55:46+00:00","dateModified":"2026-02-05T23:41:59+00:00","breadcrumb":{"@id":"https:\/\/tookphoto.fr\/?page_id=2331#breadcrumb"},"inLanguage":"fr-FR","potentialAction":[{"@type":"ReadAction","target":["https:\/\/tookphoto.fr\/?page_id=2331"]}]},{"@type":"ImageObject","inLanguage":"fr-FR","@id":"https:\/\/tookphoto.fr\/?page_id=2331#primaryimage","url":"https:\/\/tookphoto.fr\/wp-content\/uploads\/2026\/02\/restauration-photo-scaled.jpg","contentUrl":"https:\/\/tookphoto.fr\/wp-content\/uploads\/2026\/02\/restauration-photo-scaled.jpg","width":2560,"height":1610,"caption":"restauration vieille photo"},{"@type":"BreadcrumbList","@id":"https:\/\/tookphoto.fr\/?page_id=2331#breadcrumb","itemListElement":[{"@type":"ListItem","position":1,"name":"Accueil","item":"https:\/\/tookphoto.fr\/"},{"@type":"ListItem","position":2,"name":"Autres Services","item":"https:\/\/tookphoto.fr\/?page_id=2236"},{"@type":"ListItem","position":3,"name":"Restauration photo ancienne"}]},{"@type":"WebSite","@id":"https:\/\/tookphoto.fr\/#website","url":"https:\/\/tookphoto.fr\/","name":"Took! Photo Studio Mobile","description":"","publisher":{"@id":"https:\/\/tookphoto.fr\/#organization"},"potentialAction":[{"@type":"SearchAction","target":{"@type":"EntryPoint","urlTemplate":"https:\/\/tookphoto.fr\/?s={search_term_string}"},"query-input":{"@type":"PropertyValueSpecification","valueRequired":true,"valueName":"search_term_string"}}],"inLanguage":"fr-FR"},{"@type":"Organization","@id":"https:\/\/tookphoto.fr\/#organization","name":"Took! Photo Studio Mobile","url":"https:\/\/tookphoto.fr\/","logo":{"@type":"ImageObject","inLanguage":"fr-FR","@id":"https:\/\/tookphoto.fr\/#\/schema\/logo\/image\/","url":"https:\/\/tookphoto.fr\/wp-content\/uploads\/2026\/02\/TOOK-logo-banniere-nr.png","contentUrl":"https:\/\/tookphoto.fr\/wp-content\/uploads\/2026\/02\/TOOK-logo-banniere-nr.png","width":694,"height":338,"caption":"Took! Photo Studio Mobile"},"image":{"@id":"https:\/\/tookphoto.fr\/#\/schema\/logo\/image\/"}}]}},"_links":{"self":[{"href":"https:\/\/tookphoto.fr\/index.php?rest_route=\/wp\/v2\/pages\/2331","targetHints":{"allow":["GET"]}}],"collection":[{"href":"https:\/\/tookphoto.fr\/index.php?rest_route=\/wp\/v2\/pages"}],"about":[{"href":"https:\/\/tookphoto.fr\/index.php?rest_route=\/wp\/v2\/types\/page"}],"author":[{"embeddable":true,"href":"https:\/\/tookphoto.fr\/index.php?rest_route=\/wp\/v2\/users\/1"}],"replies":[{"embeddable":true,"href":"https:\/\/tookphoto.fr\/index.php?rest_route=%2Fwp%2Fv2%2Fcomments&post=2331"}],"version-history":[{"count":10,"href":"https:\/\/tookphoto.fr\/index.php?rest_route=\/wp\/v2\/pages\/2331\/revisions"}],"predecessor-version":[{"id":2423,"href":"https:\/\/tookphoto.fr\/index.php?rest_route=\/wp\/v2\/pages\/2331\/revisions\/2423"}],"up":[{"embeddable":true,"href":"https:\/\/tookphoto.fr\/index.php?rest_route=\/wp\/v2\/pages\/2236"}],"wp:attachment":[{"href":"https:\/\/tookphoto.fr\/index.php?rest_route=%2Fwp%2Fv2%2Fmedia&parent=2331"}],"curies":[{"name":"wp","href":"https:\/\/api.w.org\/{rel}","templated":true}]}}