{"id":1882,"date":"2026-01-19T10:40:58","date_gmt":"2026-01-19T09:40:58","guid":{"rendered":"https:\/\/tookphoto.fr\/?page_id=1882"},"modified":"2026-03-01T08:27:55","modified_gmt":"2026-03-01T07:27:55","slug":"photo-sociales","status":"publish","type":"page","link":"https:\/\/tookphoto.fr\/?page_id=1882","title":{"rendered":"Photographie sociale &#038; g\u00e9n\u00e9rationnelle"},"content":{"rendered":"\t\t<div data-elementor-type=\"wp-page\" data-elementor-id=\"1882\" class=\"elementor elementor-1882\">\n\t\t\t\t<div class=\"elementor-element elementor-element-47f5209 e-flex e-con-boxed e-con e-parent\" data-id=\"47f5209\" data-element_type=\"container\" data-e-type=\"container\">\n\t\t\t\t\t<div class=\"e-con-inner\">\n\t\t\t\t\t<\/div>\n\t\t\t\t<\/div>\n\t\t<div class=\"elementor-element elementor-element-b0a2a5b e-flex e-con-boxed e-con e-parent\" data-id=\"b0a2a5b\" data-element_type=\"container\" data-e-type=\"container\">\n\t\t\t\t\t<div class=\"e-con-inner\">\n\t\t\t\t<div class=\"elementor-element elementor-element-5b4249e elementor-pagination-position-outside elementor-widget elementor-widget-image-carousel\" data-id=\"5b4249e\" data-element_type=\"widget\" data-e-type=\"widget\" data-settings=\"{&quot;navigation&quot;:&quot;dots&quot;,&quot;autoplay&quot;:&quot;yes&quot;,&quot;pause_on_hover&quot;:&quot;yes&quot;,&quot;pause_on_interaction&quot;:&quot;yes&quot;,&quot;autoplay_speed&quot;:5000,&quot;infinite&quot;:&quot;yes&quot;,&quot;speed&quot;:500}\" data-widget_type=\"image-carousel.default\">\n\t\t\t\t\t\t\t<div class=\"elementor-image-carousel-wrapper swiper\" role=\"region\" aria-roledescription=\"carousel\" aria-label=\"Carrousel d\u2019images\" dir=\"ltr\">\n\t\t\t<div class=\"elementor-image-carousel swiper-wrapper swiper-image-stretch\" aria-live=\"off\">\n\t\t\t\t\t\t\t\t<div class=\"swiper-slide\" role=\"group\" aria-roledescription=\"slide\" aria-label=\"1 sur 3\"><figure class=\"swiper-slide-inner\"><img decoding=\"async\" class=\"swiper-slide-image\" src=\"https:\/\/tookphoto.fr\/wp-content\/uploads\/2026\/01\/Mia-Julien-198-3-681x1024.jpg\" alt=\"Mia &amp; Julien -198\" \/><\/figure><\/div><div class=\"swiper-slide\" role=\"group\" aria-roledescription=\"slide\" aria-label=\"2 sur 3\"><figure class=\"swiper-slide-inner\"><img decoding=\"async\" class=\"swiper-slide-image\" src=\"https:\/\/tookphoto.fr\/wp-content\/uploads\/2026\/01\/2026-01-16-at-17.37.59-1-684x1024.jpeg\" alt=\"2026-01-16 at 17.37.59 (1)\" \/><\/figure><\/div><div class=\"swiper-slide\" role=\"group\" aria-roledescription=\"slide\" aria-label=\"3 sur 3\"><figure class=\"swiper-slide-inner\"><img decoding=\"async\" class=\"swiper-slide-image\" src=\"https:\/\/tookphoto.fr\/wp-content\/uploads\/2026\/01\/DSC_1133-1-683x1024.jpg\" alt=\"DSC_1133\" \/><\/figure><\/div>\t\t\t<\/div>\n\t\t\t\t\t\t\t\n\t\t\t\t\t\t\t\t\t<div class=\"swiper-pagination\"><\/div>\n\t\t\t\t\t\t\t\t\t<\/div>\n\t\t\t\t\t\t<\/div>\n\t\t\t\t\t<\/div>\n\t\t\t\t<\/div>\n\t\t<div class=\"elementor-element elementor-element-7c27bf9 e-con-full e-flex e-con e-parent\" data-id=\"7c27bf9\" data-element_type=\"container\" data-e-type=\"container\" data-settings=\"{&quot;background_background&quot;:&quot;classic&quot;}\">\n\t\t<div class=\"elementor-element elementor-element-24a0efa e-con-full e-flex e-con e-child\" data-id=\"24a0efa\" data-element_type=\"container\" data-e-type=\"container\" data-settings=\"{&quot;background_background&quot;:&quot;classic&quot;}\">\n\t\t\t\t<div class=\"elementor-element elementor-element-93071e4 elementor-widget__width-initial elementor-widget elementor-widget-text-editor\" data-id=\"93071e4\" data-element_type=\"widget\" data-e-type=\"widget\" data-widget_type=\"text-editor.default\">\n\t\t\t\t\t\t\t\t\t<h2 style=\"text-align: center;\" data-start=\"2364\" data-end=\"2416\">Familles &amp; portraits g\u00e9n\u00e9rationnels<\/h2><h5 data-start=\"2417\" data-end=\"2464\">Cr\u00e9er des souvenirs qui traversent le temps<\/h5><p data-start=\"2466\" data-end=\"2644\">Un portrait n\u2019est pas qu\u2019une photo.<br data-start=\"2501\" data-end=\"2504\" \/>C\u2019est un moment suspendu.<br data-start=\"2529\" data-end=\"2532\" \/>Un \u00e9clat de rire partag\u00e9.<br data-start=\"2557\" data-end=\"2560\" \/>Une main qui serre une autre.<br data-start=\"2589\" data-end=\"2592\" \/>Un regard entre un grand-parent et son petit-enfant.<\/p><p data-start=\"2646\" data-end=\"2745\">Je vous propose des s\u00e9ances photo conviviales, naturelles, o\u00f9 chacun peut \u00eatre simplement soi-m\u00eame.<\/p><h5 data-start=\"2747\" data-end=\"2768\">L\u2019exp\u00e9rience<\/h5><ul data-start=\"2769\" data-end=\"3000\"><li data-start=\"2769\" data-end=\"2819\"><p data-start=\"2771\" data-end=\"2819\">S\u00e9ances en ext\u00e9rieur ou avec <strong data-start=\"2800\" data-end=\"2817\">studio mobile<\/strong><\/p><\/li><li data-start=\"2820\" data-end=\"2877\"><p data-start=\"2822\" data-end=\"2877\">Ambiance d\u00e9tendue, adapt\u00e9e aux enfants et aux seniors<\/p><\/li><li data-start=\"2878\" data-end=\"2919\"><p data-start=\"2880\" data-end=\"2919\">Tarifs clairs par format d\u2019impression<\/p><\/li><li data-start=\"2920\" data-end=\"3000\"><p data-start=\"2922\" data-end=\"3000\">Packs comprenant <strong data-start=\"2939\" data-end=\"2998\">tirages papier de qualit\u00e9 + version num\u00e9rique optimis\u00e9e<\/strong><\/p><\/li><\/ul><p data-start=\"3002\" data-end=\"3069\">Tout au long de l\u2019ann\u00e9e, je propose des <strong data-start=\"3042\" data-end=\"3065\">offres saisonni\u00e8res<\/strong> :<\/p><ul data-start=\"3070\" data-end=\"3175\"><li data-start=\"3070\" data-end=\"3090\"><p data-start=\"3072\" data-end=\"3090\">F\u00eates de famille<\/p><\/li><li data-start=\"3091\" data-end=\"3111\"><p data-start=\"3093\" data-end=\"3111\">Rentr\u00e9e scolaire<\/p><\/li><li data-start=\"3112\" data-end=\"3130\"><p data-start=\"3114\" data-end=\"3130\">Vacances d\u2019\u00e9t\u00e9<\/p><\/li><li data-start=\"3131\" data-end=\"3175\"><p data-start=\"3133\" data-end=\"3175\">Calendriers personnalis\u00e9s de fin d\u2019ann\u00e9e<\/p><\/li><\/ul><h5 style=\"text-align: center;\">\u00a0<\/h5><h5 style=\"text-align: center;\">\u00a8Parce que les souvenirs m\u00e9ritent mieux qu\u2019un disque dur oubli\u00e9.<br \/>Ils m\u00e9ritent d\u2019\u00eatre imprim\u00e9s, encadr\u00e9s, transmis.\u00a8<\/h5><h5 class=\"my-2 [&amp;+p]:mt-4 [&amp;_strong:has(+br)]:inline-block [&amp;_strong:has(+br)]:pb-2\">\u00a0<\/h5>\t\t\t\t\t\t\t\t<\/div>\n\t\t\t\t<\/div>\n\t\t\t\t<div class=\"elementor-element elementor-element-1fc5542 elementor-align-justify elementor-widget__width-initial e-transform elementor-widget elementor-widget-button\" data-id=\"1fc5542\" data-element_type=\"widget\" data-e-type=\"widget\" data-settings=\"{&quot;_transform_scale_effect&quot;:{&quot;unit&quot;:&quot;px&quot;,&quot;size&quot;:1,&quot;sizes&quot;:[]},&quot;_transform_scale_effect_tablet&quot;:{&quot;unit&quot;:&quot;px&quot;,&quot;size&quot;:&quot;&quot;,&quot;sizes&quot;:[]},&quot;_transform_scale_effect_mobile&quot;:{&quot;unit&quot;:&quot;px&quot;,&quot;size&quot;:&quot;&quot;,&quot;sizes&quot;:[]}}\" data-widget_type=\"button.default\">\n\t\t\t\t\t\t\t\t\t\t<a class=\"elementor-button elementor-button-link elementor-size-sm\" href=\"https:\/\/tookphoto.fr\/?page_id=1645\">\n\t\t\t\t\t\t<span class=\"elementor-button-content-wrapper\">\n\t\t\t\t\t\t\t\t\t<span class=\"elementor-button-text\">Devis et R\u00e9servation<\/span>\n\t\t\t\t\t<\/span>\n\t\t\t\t\t<\/a>\n\t\t\t\t\t\t\t\t<\/div>\n\t\t\t\t<\/div>\n\t\t<div class=\"elementor-element elementor-element-53269ea e-flex e-con-boxed e-con e-parent\" data-id=\"53269ea\" data-element_type=\"container\" data-e-type=\"container\">\n\t\t\t\t\t<div class=\"e-con-inner\">\n\t\t\t\t\t<\/div>\n\t\t\t\t<\/div>\n\t\t\t\t<\/div>\n\t\t","protected":false},"excerpt":{"rendered":"<p>Familles &amp; portraits g\u00e9n\u00e9rationnels Cr\u00e9er des souvenirs qui traversent le temps Un portrait n\u2019est pas qu\u2019une photo.C\u2019est un moment suspendu.Un \u00e9clat de rire partag\u00e9.Une main qui serre une autre.Un regard entre un grand-parent et son petit-enfant. Je vous propose des s\u00e9ances photo conviviales, naturelles, o\u00f9 chacun peut \u00eatre simplement soi-m\u00eame. L\u2019exp\u00e9rience S\u00e9ances en ext\u00e9rieur ou [&hellip;]<\/p>\n","protected":false},"author":1,"featured_media":0,"parent":0,"menu_order":0,"comment_status":"closed","ping_status":"closed","template":"","meta":{"footnotes":""},"class_list":["post-1882","page","type-page","status-publish","hentry"],"blocksy_meta":[],"yoast_head":"<!-- This site is optimized with the Yoast SEO plugin v27.2 - https:\/\/yoast.com\/product\/yoast-seo-wordpress\/ -->\n<title>Photographie sociale &amp; g\u00e9n\u00e9rationnelle - Took! Photo Studio Mobile<\/title>\n<meta name=\"robots\" content=\"index, follow, max-snippet:-1, max-image-preview:large, max-video-preview:-1\" \/>\n<link rel=\"canonical\" href=\"https:\/\/tookphoto.fr\/?page_id=1882\" \/>\n<meta property=\"og:locale\" content=\"fr_FR\" \/>\n<meta property=\"og:type\" content=\"article\" \/>\n<meta property=\"og:title\" content=\"Photographie sociale &amp; g\u00e9n\u00e9rationnelle - Took! Photo Studio Mobile\" \/>\n<meta property=\"og:description\" content=\"Familles &amp; portraits g\u00e9n\u00e9rationnels Cr\u00e9er des souvenirs qui traversent le temps Un portrait n\u2019est pas qu\u2019une photo.C\u2019est un moment suspendu.Un \u00e9clat de rire partag\u00e9.Une main qui serre une autre.Un regard entre un grand-parent et son petit-enfant. Je vous propose des s\u00e9ances photo conviviales, naturelles, o\u00f9 chacun peut \u00eatre simplement soi-m\u00eame. L\u2019exp\u00e9rience S\u00e9ances en ext\u00e9rieur ou [&hellip;]\" \/>\n<meta property=\"og:url\" content=\"https:\/\/tookphoto.fr\/?page_id=1882\" \/>\n<meta property=\"og:site_name\" content=\"Took! Photo Studio Mobile\" \/>\n<meta property=\"article:modified_time\" content=\"2026-03-01T07:27:55+00:00\" \/>\n<meta property=\"og:image\" content=\"https:\/\/tookphoto.fr\/wp-content\/uploads\/2026\/01\/Mia-Julien-198-3-681x1024.jpg\" \/>\n<meta name=\"twitter:card\" content=\"summary_large_image\" \/>\n<meta name=\"twitter:label1\" content=\"Dur\u00e9e de lecture estim\u00e9e\" \/>\n\t<meta name=\"twitter:data1\" content=\"3 minutes\" \/>\n<script type=\"application\/ld+json\" class=\"yoast-schema-graph\">{\"@context\":\"https:\/\/schema.org\",\"@graph\":[{\"@type\":\"WebPage\",\"@id\":\"https:\/\/tookphoto.fr\/?page_id=1882\",\"url\":\"https:\/\/tookphoto.fr\/?page_id=1882\",\"name\":\"Photographie sociale & g\u00e9n\u00e9rationnelle - Took! Photo Studio Mobile\",\"isPartOf\":{\"@id\":\"https:\/\/tookphoto.fr\/#website\"},\"primaryImageOfPage\":{\"@id\":\"https:\/\/tookphoto.fr\/?page_id=1882#primaryimage\"},\"image\":{\"@id\":\"https:\/\/tookphoto.fr\/?page_id=1882#primaryimage\"},\"thumbnailUrl\":\"https:\/\/tookphoto.fr\/wp-content\/uploads\/2026\/01\/Mia-Julien-198-3-681x1024.jpg\",\"datePublished\":\"2026-01-19T09:40:58+00:00\",\"dateModified\":\"2026-03-01T07:27:55+00:00\",\"breadcrumb\":{\"@id\":\"https:\/\/tookphoto.fr\/?page_id=1882#breadcrumb\"},\"inLanguage\":\"fr-FR\",\"potentialAction\":[{\"@type\":\"ReadAction\",\"target\":[\"https:\/\/tookphoto.fr\/?page_id=1882\"]}]},{\"@type\":\"ImageObject\",\"inLanguage\":\"fr-FR\",\"@id\":\"https:\/\/tookphoto.fr\/?page_id=1882#primaryimage\",\"url\":\"https:\/\/tookphoto.fr\/wp-content\/uploads\/2026\/01\/Mia-Julien-198-3.jpg\",\"contentUrl\":\"https:\/\/tookphoto.fr\/wp-content\/uploads\/2026\/01\/Mia-Julien-198-3.jpg\",\"width\":1362,\"height\":2048},{\"@type\":\"BreadcrumbList\",\"@id\":\"https:\/\/tookphoto.fr\/?page_id=1882#breadcrumb\",\"itemListElement\":[{\"@type\":\"ListItem\",\"position\":1,\"name\":\"Accueil\",\"item\":\"https:\/\/tookphoto.fr\/\"},{\"@type\":\"ListItem\",\"position\":2,\"name\":\"Photographie sociale &#038; g\u00e9n\u00e9rationnelle\"}]},{\"@type\":\"WebSite\",\"@id\":\"https:\/\/tookphoto.fr\/#website\",\"url\":\"https:\/\/tookphoto.fr\/\",\"name\":\"Took! Photo Studio Mobile\",\"description\":\"\",\"publisher\":{\"@id\":\"https:\/\/tookphoto.fr\/#organization\"},\"potentialAction\":[{\"@type\":\"SearchAction\",\"target\":{\"@type\":\"EntryPoint\",\"urlTemplate\":\"https:\/\/tookphoto.fr\/?s={search_term_string}\"},\"query-input\":{\"@type\":\"PropertyValueSpecification\",\"valueRequired\":true,\"valueName\":\"search_term_string\"}}],\"inLanguage\":\"fr-FR\"},{\"@type\":\"Organization\",\"@id\":\"https:\/\/tookphoto.fr\/#organization\",\"name\":\"Took! Photo Studio Mobile\",\"url\":\"https:\/\/tookphoto.fr\/\",\"logo\":{\"@type\":\"ImageObject\",\"inLanguage\":\"fr-FR\",\"@id\":\"https:\/\/tookphoto.fr\/#\/schema\/logo\/image\/\",\"url\":\"https:\/\/tookphoto.fr\/wp-content\/uploads\/2026\/02\/TOOK-logo-banniere-nr.png\",\"contentUrl\":\"https:\/\/tookphoto.fr\/wp-content\/uploads\/2026\/02\/TOOK-logo-banniere-nr.png\",\"width\":694,\"height\":338,\"caption\":\"Took! Photo Studio Mobile\"},\"image\":{\"@id\":\"https:\/\/tookphoto.fr\/#\/schema\/logo\/image\/\"}}]}<\/script>\n<!-- \/ Yoast SEO plugin. -->","yoast_head_json":{"title":"Photographie sociale & g\u00e9n\u00e9rationnelle - Took! Photo Studio Mobile","robots":{"index":"index","follow":"follow","max-snippet":"max-snippet:-1","max-image-preview":"max-image-preview:large","max-video-preview":"max-video-preview:-1"},"canonical":"https:\/\/tookphoto.fr\/?page_id=1882","og_locale":"fr_FR","og_type":"article","og_title":"Photographie sociale & g\u00e9n\u00e9rationnelle - Took! Photo Studio Mobile","og_description":"Familles &amp; portraits g\u00e9n\u00e9rationnels Cr\u00e9er des souvenirs qui traversent le temps Un portrait n\u2019est pas qu\u2019une photo.C\u2019est un moment suspendu.Un \u00e9clat de rire partag\u00e9.Une main qui serre une autre.Un regard entre un grand-parent et son petit-enfant. Je vous propose des s\u00e9ances photo conviviales, naturelles, o\u00f9 chacun peut \u00eatre simplement soi-m\u00eame. L\u2019exp\u00e9rience S\u00e9ances en ext\u00e9rieur ou [&hellip;]","og_url":"https:\/\/tookphoto.fr\/?page_id=1882","og_site_name":"Took! Photo Studio Mobile","article_modified_time":"2026-03-01T07:27:55+00:00","og_image":[{"url":"https:\/\/tookphoto.fr\/wp-content\/uploads\/2026\/01\/Mia-Julien-198-3-681x1024.jpg","type":"","width":"","height":""}],"twitter_card":"summary_large_image","twitter_misc":{"Dur\u00e9e de lecture estim\u00e9e":"3 minutes"},"schema":{"@context":"https:\/\/schema.org","@graph":[{"@type":"WebPage","@id":"https:\/\/tookphoto.fr\/?page_id=1882","url":"https:\/\/tookphoto.fr\/?page_id=1882","name":"Photographie sociale & g\u00e9n\u00e9rationnelle - Took! Photo Studio Mobile","isPartOf":{"@id":"https:\/\/tookphoto.fr\/#website"},"primaryImageOfPage":{"@id":"https:\/\/tookphoto.fr\/?page_id=1882#primaryimage"},"image":{"@id":"https:\/\/tookphoto.fr\/?page_id=1882#primaryimage"},"thumbnailUrl":"https:\/\/tookphoto.fr\/wp-content\/uploads\/2026\/01\/Mia-Julien-198-3-681x1024.jpg","datePublished":"2026-01-19T09:40:58+00:00","dateModified":"2026-03-01T07:27:55+00:00","breadcrumb":{"@id":"https:\/\/tookphoto.fr\/?page_id=1882#breadcrumb"},"inLanguage":"fr-FR","potentialAction":[{"@type":"ReadAction","target":["https:\/\/tookphoto.fr\/?page_id=1882"]}]},{"@type":"ImageObject","inLanguage":"fr-FR","@id":"https:\/\/tookphoto.fr\/?page_id=1882#primaryimage","url":"https:\/\/tookphoto.fr\/wp-content\/uploads\/2026\/01\/Mia-Julien-198-3.jpg","contentUrl":"https:\/\/tookphoto.fr\/wp-content\/uploads\/2026\/01\/Mia-Julien-198-3.jpg","width":1362,"height":2048},{"@type":"BreadcrumbList","@id":"https:\/\/tookphoto.fr\/?page_id=1882#breadcrumb","itemListElement":[{"@type":"ListItem","position":1,"name":"Accueil","item":"https:\/\/tookphoto.fr\/"},{"@type":"ListItem","position":2,"name":"Photographie sociale &#038; g\u00e9n\u00e9rationnelle"}]},{"@type":"WebSite","@id":"https:\/\/tookphoto.fr\/#website","url":"https:\/\/tookphoto.fr\/","name":"Took! Photo Studio Mobile","description":"","publisher":{"@id":"https:\/\/tookphoto.fr\/#organization"},"potentialAction":[{"@type":"SearchAction","target":{"@type":"EntryPoint","urlTemplate":"https:\/\/tookphoto.fr\/?s={search_term_string}"},"query-input":{"@type":"PropertyValueSpecification","valueRequired":true,"valueName":"search_term_string"}}],"inLanguage":"fr-FR"},{"@type":"Organization","@id":"https:\/\/tookphoto.fr\/#organization","name":"Took! Photo Studio Mobile","url":"https:\/\/tookphoto.fr\/","logo":{"@type":"ImageObject","inLanguage":"fr-FR","@id":"https:\/\/tookphoto.fr\/#\/schema\/logo\/image\/","url":"https:\/\/tookphoto.fr\/wp-content\/uploads\/2026\/02\/TOOK-logo-banniere-nr.png","contentUrl":"https:\/\/tookphoto.fr\/wp-content\/uploads\/2026\/02\/TOOK-logo-banniere-nr.png","width":694,"height":338,"caption":"Took! Photo Studio Mobile"},"image":{"@id":"https:\/\/tookphoto.fr\/#\/schema\/logo\/image\/"}}]}},"_links":{"self":[{"href":"https:\/\/tookphoto.fr\/index.php?rest_route=\/wp\/v2\/pages\/1882","targetHints":{"allow":["GET"]}}],"collection":[{"href":"https:\/\/tookphoto.fr\/index.php?rest_route=\/wp\/v2\/pages"}],"about":[{"href":"https:\/\/tookphoto.fr\/index.php?rest_route=\/wp\/v2\/types\/page"}],"author":[{"embeddable":true,"href":"https:\/\/tookphoto.fr\/index.php?rest_route=\/wp\/v2\/users\/1"}],"replies":[{"embeddable":true,"href":"https:\/\/tookphoto.fr\/index.php?rest_route=%2Fwp%2Fv2%2Fcomments&post=1882"}],"version-history":[{"count":78,"href":"https:\/\/tookphoto.fr\/index.php?rest_route=\/wp\/v2\/pages\/1882\/revisions"}],"predecessor-version":[{"id":3446,"href":"https:\/\/tookphoto.fr\/index.php?rest_route=\/wp\/v2\/pages\/1882\/revisions\/3446"}],"wp:attachment":[{"href":"https:\/\/tookphoto.fr\/index.php?rest_route=%2Fwp%2Fv2%2Fmedia&parent=1882"}],"curies":[{"name":"wp","href":"https:\/\/api.w.org\/{rel}","templated":true}]}}